 6, what is -555 + -35?
-1034
In base 7, what is -511 - 302?
-1113
In base 7, what is -4 + -554222?
-554226
In base 15, what is -30 - 8?
-38
In base 5, what is -13 - -120334?
120321
In base 8, what is 7564 + 3?
7567
In base 12, what is -9a590 + 2?
-9a58a
In base 14, what is 4c47 + 1?
4c48
In base 2, what is 1000010001101111 + -1110?
1000010001100001
In base 8, what is -51 - -477526?
477455
In base 14, what is 40 - a50?
-a10
In base 13, what is 1726b + 3?
17271
In base 2, what is -10100 + -1011?
-11111
In base 3, what is -102211111210202 + -1?
-102211111210210
In base 6, what is 1 + -10414443?
-10414442
In base 10, what is 24 + -7557?
-7533
In base 12, what is -1a + -573?
-591
In base 6, what is -5 - -11001011?
11001002
In base 10, what is -91 + 639?
548
In base 9, what is -102 - 14280?
-14382
In base 7, what is -341 - -601?
230
In base 16, what is 3dbd + 5?
3dc2
In base 13, what is -1 + -1094?
-1095
In base 8, what is 227 + -630?
-401
In base 7, what is -3 - 1444515?
-1444521
In base 7, what is 21554353 - -3?
21554356
In base 6, what is -23034 + 432?
-22202
In base 5, what is 113022022 - 0?
113022022
In base 6, what is 51425 - -2?
51431
In base 4, what is -102 - 12133123?
-12133231
In base 9, what is 6 - -840?
846
In base 6, what is 0 - 22210253?
-22210253
In base 15, what is -5265b + -2?
-5265d
In base 4, what is -2010321011 + 10?
-2010321001
In base 15, what is -316d + 8d?
-30d0
In base 2, what is 100010100111101111 - -11011?
100010101000001010
In base 6, what is -3 + 303451?
303444
In base 13, what is -1c + -30a?
-329
In base 5, what is 10302 - 320?
4432
In base 5, what is 124 + -114244?
-114120
In base 16, what is 84d4 + 2a?
84fe
In base 6, what is -22251110 + 2?
-22251104
In base 13, what is -862 - -a?
-855
In base 12, what is 3 + -2717?
-2714
In base 10, what is -25 + 523?
498
In base 11, what is -3 + 417398?
417395
In base 6, what is 1221320 + -14?
1221302
In base 6, what is -222204 + 34?
-222130
In base 6, what is 34322515 - -1?
34322520
In base 6, what is 115134 + 2224?
121402
In base 2, what is 1110100 - 11011011010100?
-11011001100000
In base 5, what is 341 - 11023?
-10132
In base 4, what is -3 + -1100300?
-1100303
In base 8, what is 2742 - 3553?
-611
In base 12, what is 62 - 68b?
-629
In base 8, what is -12362132 + 5?
-12362125
In base 14, what is 1 - 19d778?
-19d777
In base 3, what is 100 + -10200200022?
-10200122222
In base 6, what is -52 + -50301?
-50353
In base 7, what is 1653 + 10144?
12130
In base 4, what is 12132032 - 1?
12132031
In base 5, what is -113 + 33301?
33133
In base 7, what is -66 + 105201?
105102
In base 13, what is 2a72 + 1a?
2a8c
In base 15, what is -1dd57 - 5?
-1dd5c
In base 15, what is -2 - -9dab?
9da9
In base 10, what is 72327 + 46?
72373
In base 11, what is 0 - -2555?
2555
In base 6, what is 142031 - 5?
142022
In base 11, what is 158a2 + -1a0?
15702
In base 4, what is -230 - 11213?
-12103
In base 13, what is -4a34 - 23?
-4a57
In base 11, what is 156a32 + 3?
156a35
In base 5, what is 133 - 1330?
-1142
In base 6, what is 11 + 1120523?
1120534
In base 16, what is 441 - -2e?
46f
In base 11, what is 40305 + -3a?
40276
In base 5, what is -232131 + 11?
-232120
In base 3, what is -2200112 + 11122?
-2111220
In base 6, what is 3 - 14010?
-14003
In base 6, what is 4 - 1153?
-1145
In base 6, what is 3215 - 12214?
-4555
In base 9, what is 3 + 2710632?
2710635
In base 2, what is 111 + 1010010000111?
1010010001110
In base 14, what is -51 + -96b?
-9bc
In base 5, what is 1134323 - 4?
1134314
In base 9, what is -2 - 101583?
-101585
In base 8, what is 13 + 311765?
312000
In base 2, what is 1011001000111101 - -11000?
1011001001010101
In base 16, what is -4d + -147?
-194
In base 3, what is 1012 - 10200?
-2111
In base 5, what is 10 - -231222?
231232
In base 13, what is -172c5 - 8?
-17300
In base 9, what is 1501 - -74?
1575
In base 4, what is -2 - -1010323?
1010321
In base 7, what is 44344 - 101?
44243
In base 8, what is 13 + -22?
-7
In base 12, what is 232 - 1a?
214
In base 5, what is 1041433 - -3?
1041441
In base 7, what is 102 + -30411?
-30306
In base 4, what is 11 + -12000010?
-11333333
In base 4, what is -200012033 + 11?
-200012022
In base 13, what is 10 + 2933?
2943
In base 4, what is -102 + 302100?
301332
In base 5, what is 400331 - 21?
400310
In base 4, what is 31223 + -1232?
23331
In base 6, what is 4511 + 11?
4522
In base 9, what is -532 + -14?
-546
In base 9, what is -128 - 431?
-560
In base 14, what is 0 + 464c9?
464c9
In base 16, what is -5d71 + 1e?
-5d53
In base 6, what is 2 + -4343452?
-4343450
In base 6, what is 2053454 + 4?
2053502
In base 16, what is 3032 + -a8?
2f8a
In base 16, what is 3 + dc6e9?
dc6ec
In base 2, what is 1001011001110010100 + -101?
1001011001110001111
In base 15, what is -3 - 868?
-86b
In base 14, what is 2d6d - 164?
2c09
In base 7, what is -2330 - -141?
-2156
In base 2, what is 100 - -1100001101000001?
1100001101000101
In base 4, what is -232312 - 3011?
-301323
In base 16, what is 88 - -5?
8d
In base 8, what is -7772 - 72?
-10064
In base 8, what is 20262102 - 3?
20262077
In base 11, what is 31530 - 2?
31529
In base 11, what is 10475 - -141?
10606
In base 11, what is -92 - 234?
-316
In base 9, what is 6168 - 58?
6110
In base 11, what is 59 - -10443?
104a1
In base 14, what is 4 + -1b224?
-1b220
In base 2, what is -10 + -10111101111001011?
-10111101111001101
In base 11, what is 2 + 1544a?
15451
In base 6, what is -353010 - -21?
-352545
In base 11, what is 38 + -1044?
-1007
In base 3, what is 1002221 + -1110200?
-100202
In base 9, what is -3856 + 6?
-3850
In base 8, what is 5 - 1465?
-1460
In base 13, what is 6208 - -3?
620b
In base 6, what is -111 + -20104?
-20215
In base 2, what is 101 - 10100000110001111110?
-10100000110001111001
In base 14, what is -2 - -3009?
3007
In base 6, what is 203245 + 20?
203305
In base 16, what is -186621 - 4?
-186625
In base 2, what is 11110001110001000 + 1011?
11110001110010011
In base 15, what is -1d7 - 8e0?
-ac7
In base 15, what is 3b + 55d?
599
In base 13, what is -354a - -1?
-3549
In base 6, what is 4 + -40534?
-40530
In base 10, what is 911 + -1480?
-569
In base 4, what is 20 - -1033001?
1033021
In base 4, what is -12 - 231103?
-231121
In base 5, what is -34 - -11220?
11131
In base 4, what is 10 + 1021031?
1021101
In base 11, what is 1277 - 9?
1269
In base 12, what is 779 - 14?
765
In base 10, what is -2090 + 199?
-1891
In base 16, what is 9 + 8d7?
8e0
In base 13, what is -103b + 17a?
-b91
In base 4, what is -101101 + -22102?
-123203
In base 5, what is -41210122 - 2?
-41210124
In base 15, what is -6c27 - -2?
-6c25
In base 9, what is -253627 + -2?
-253630
In base 4, what is -2331103122 - -11?
-2331103111
In base 11, what is 472 - 1aa?
273
In base 12, what is 10 + -b4b20?
-b4b10
In base 3, what is 1111211 - -1221?
1120202
In base 12, what is -11a75 - 2?
-11a77
In base 14, what is -38d3 - -6?
-38cb
In base 10, what is -2681 + 13?
-2668
In base 9, what is -28240 - 0?
-28240
In base 6, what is 22 + -2400352?
-2400330
In base 7, what is 4 - 112501?
-112464
In base 2, what is -11101001111111000000 + -11?
-11101001111111000011
In base 13, what is 66 - -1aa?
243
In base 13, what is -1257 - 8?
-1262
In base 15, what is 1dc - -b?
1e8
In base 9, what is -2145 + 62?
-2073
In base 14, what is -c - 161c?
-162a
In base 2, what is -101001011100 - 11110?
-101001111010
In base 14, what is -2a26 - 2?
-2a28
In base 13, what is -26 - 1744?
-176a
In base 7, what is -3 + -46155?
-46161
In base 2, what is -110 + -100001111000011?
-100001111001001
In base 15, what is -1ba6 - 9?
-1bb0
In base 14, what is 2 + -1d623?
-1d621
In base 16, what is -1a - -ba?
a0
In base 9, what is -38335 + 0?
-38335
In base 9, what is -47 + -708?
-756
In base 11, what is 0 + 5655a?
5655a
In base 6, what is -4 + 13114401?
13114353
In base 16, what is 10 + -3aab?
-3a9b
In base 4, what is -1330202 - 110?
-1330312
In base 2, what is -1011100 - -10101?
-1000111
In base 2, what is 101100 + -1100010110?
-1011101010
In base 5, what is 220 - 2142132?
-2141412
In base 13, what is 1b08 - 9?
1acc
In base 12, what is 18041 - 52?
17bab
In base 2, what is 11101101001011101 + 110?
11101101001100011
In base 11, what is -116675 - 4?
-116679
In base 15, what is -1 - 1b40?
-1b41
In base 8, what is -25 + 264176?
264151
In base